 -66*n + 105. Let a = -47 + 42. What is the units digit of s(a)?
5
Let y = -79 + 95. Let i = y - -240. What is the tens digit of i?
5
Let v(j) = 27659*j - 372. Let f be v(-12). What is the tens digit of (-3)/8 - f/320?
3
Suppose 10*q - 124 - 196 = 0. Suppose -36*c + 37*c - q = 0. What is the units digit of c?
2
Let x(b) = 3*b**3 - b**2 + 3*b + 4. Let t be x(-1). Let i = t - -7. Suppose -2*p = i*h - 353 - 465, -4*h + 823 = p. What is the hundreds digit of h?
2
Suppose -10*n + 3 + 17 = 0. Let g = n + -4. Let m(b) = 37*b**2 + 4. What is the units digit of m(g)?
2
Suppose -68 = -5*k - 2*t + 51, 5*k = -t + 122. What is the units digit of (15 - k)/((-1)/61)?
0
Suppose -9*w = -33538 - 21497. Suppose 8*h - w = -1467. What is the units digit of h?
1
Let t = 568 - 115. Suppose -3*c + t = -3*v, -2*c + c + 159 = -5*v. What is the tens digit of c?
4
Let v = -1627 - -2650. Let r = -698 + v. What is the units digit of r?
5
Let h(l) = -2*l**3 + l**2 + l + 5. Let z be h(0). What is the hundreds digit of 26187/105 + (-2)/z?
2
Let b = -507 + 983. Suppose 12 = -2*h, -1626 = -5*j + 43*h - 42*h. Let s = b - j. What is the hundreds digit of s?
1
Suppose s + 12 = 7*s. Let k be ((-2)/(-7) - 57/(-21)) + 90. Suppose -s*f + k = -f. What is the units digit of f?
3
Let i = 47219 - 68851. What is the tens digit of (-70)/(-315) + i/(-18)?
0
Let p = 468 - 416. What is the tens digit of 8/p + (-153939)/(-299)?
1
Let v = 477 - 477. What is the tens digit of (v - 16)*-34 - (-16 + 16)?
4
Let w(b) = 2*b**2 + 2*b - 2. Suppose -3*p = t + 17, t - 7 = -5*p - 38. Let o be w(p). Suppose 78*i + 244 = o*i. What is the tens digit of i?
6
What is the units digit of -7104*(40/(-30))/(-1 + 5)?
8
Let z = 1436 - 1024. What is the tens digit of z?
1
Let w(c) = 33*c**2 - 6*c - 9. Let z be w(-7). Suppose -128*y + 122*y + z = 0. What is the tens digit of y?
7
What is the tens digit of 278/(-695) + (-12)/(-5) + 5705?
0
Suppose 28382 - 11456 = -6*k. Let x = -1360 - k. What is the hundreds digit of x?
4
Let r(c) = -c - 1. Let g be r(-3). Suppose -g*i + 343 + 1189 = 0. What is the units digit of i?
6
Suppose 2*o = -4, -11*o = -l - 9*o + 109. Let x = l + 339. What is the units digit of x?
4
Suppose -165 = 2*u - 7*u. Suppose -3*p + 70 = 4*g, 3*g - 38 = -16*p + 21*p. Let v = g + u. What is the tens digit of v?
4
Suppose 2*m - 4*g - 9852 = 0, 5*m + 4*g = 9*g + 24605. What is the units digit of m?
6
Let g = -3257 - -28042. What is the tens digit of g?
8
Let r be (1*4 - (14 - 11))*-11. Let g(o) = 7*o**2 + 3*o - 1. Let k(d) = -21*d**2 - 8*d + 3. Let z(l) = r*g(l) - 4*k(l). What is the tens digit of z(2)?
2
Suppose 3200 = -136*o + 140*o. Suppose 29*x - 9*x = o. What is the units digit of x?
0
Suppose -74*u + 259337 + 112289 = -281646. What is the tens digit of u?
2
Let j(k) = 528*k**2 + 414*k + 15. What is the thousands digit of j(-8)?
0
Let o(j) = 3148*j + 6902. What is the units digit of o(5)?
2
Suppose -308*i + 203628 = -89896. What is the units digit of i?
3
Let y(n) = -12*n - 37. Let v(w) = 23*w + 73. Let d(j) = -2*v(j) - 5*y(j). Let c be d(9). Suppose 0 = -l + c - 8. What is the hundreds digit of l?
1
Let f = -43 - -382. Suppose f*m + 4860 = 344*m. What is the hundreds digit of m?
9
Let t = -16 + 12. Let d be 446 - ((-8)/2 - t). Let r = -247 + d. What is the tens digit of r?
9
Let n be -1*4*(-18)/4. Suppose 4*c + 10 = n. Suppose c*y + 4*d - 180 = 0, -5*y + 276 = -2*y + 3*d. What is the tens digit of y?
9
Let t(r) = r**2 - 16*r + 15. Let w be t(10). Let l = w - -43. Let i(g) = -3*g**3 + g**2 + 2*g + 2. What is the units digit of i(l)?
6
What is the tens digit of (11465 - (3 - 0)) + (0 - 2)?
6
Suppose 13*f - 10*f = 180. What is the tens digit of 25580/f + 3/(-9)?
2
Suppose -4*k - 3*p + 131601 = 0, 4*k = -9*p + 115456 + 16091. What is the ten thousands digit of k?
3
Suppose w + 4592 = -3*w. Let x = w - -2456. What is the units digit of x?
8
Let v be (-1)/((-2)/28*-2). What is the tens digit of 1515/3 - (-7)/(v/(-5))?
1
What is the thousands digit of 3/(3934110/437120 - 9)?
3
Let a be 8/2 - (-3 - -4). Suppose a*h - 6 = 6*h. What is the units digit of 2 - h - (-61 + -7)?
2
Suppose 2*n = 4*u + 10, -2*u - n - 7 = -4*n. Let y be 326 + (0 - u) + -4. Suppose y = 124*r - 121*r. What is the tens digit of r?
0
What is the units digit of -285*((-512)/40)/2?
4
Let r(g) = 7*g + 5. Let v(b) be the third derivative of 15*b**4/4 + 11*b**3 + 7*b**2. Let p(i) = -27*r(i) + 2*v(i). What is the tens digit of p(-5)?
4
Let d = -16 + 12. Let s(b) = b**3 + 5*b**2 + 8. Let t be s(d). Suppose -2*w = w - t. What is the units digit of w?
8
Let h(b) = -b**3 + 10*b**2 + 13*b - 1. Suppose 2*c = -2*c + 4*i + 4, c - 10 = -2*i. Suppose c*d + 0*d - 44 = 0. What is the tens digit of h(d)?
2
Let o = -11019 + 22076. What is the thousands digit of o?
1
Let q(a) = -4*a**2 - 29*a + 6. Let d be q(-7). Suppose -d*v + 12*v = -56. Suppose -3*r = -16 - v. What is the units digit of r?
4
Let r(q) = q**3 - 6*q**2 - 15*q - 5. Let w be r(8). Suppose -2*y + w*h = -0*h - 690, 0 = y + h - 340. What is the tens digit of y?
4
Suppose 8*j + 10*j - 108603 = 9*j. What is the hundreds digit of j?
0
Let w(x) = -906*x + 2768. What is the units digit of w(-63)?
6
Let y(w) = 10*w**3 - 11*w**2 - 24*w + 227. What is the units digit of y(13)?
6
Suppose -39*c + 1084914 = 35*c. What is the ten thousands digit of c?
1
Let w(h) be the first derivative of -11*h**2 + 17*h - 35. What is the hundreds digit of w(-4)?
1
Let l = -83 - -79. Let u be -5 - (l - 2/2). What is the units digit of (747/(-6))/(u - (-1)/(-2))?
9
Suppose -c - 5*g = 6791 - 25764, 5*c - 3*g - 94781 = 0. What is the thousands digit of c?
8
Let h be 4/(-24) - 7/(-6) - -1720. Suppose 4*a - 1766 = -2*g, -5*a = -8*g + 6*g + h. Suppose -5*r = -g + 33. What is the hundreds digit of r?
1
Let s = 286 - 281. Suppose h = -s*m + 1217, -2*h + 6*h - 1208 = -5*m. What is the units digit of m?
4
Let o(b) = b**2 - b + 1. Let a(x) = 4*x**2 - 3*x - 4. Let s(g) = -a(g) + 6*o(g). Let f be s(6). Let v = f - -63. What is the tens digit of v?
2
Let y = 104 + -104. What is the hundreds digit of (6648/(-12))/(-2 + 1 - y)?
5
Let o(k) = 8746*k + 2685. What is the thousands digit of o(5)?
6
Let v = -1 + 11. Suppose 3 + v = -m. Let n = 52 + m. What is the tens digit of n?
3
Let d = 757 + 11657. What is the hundreds digit of d?
4
Suppose 13*q + h - 43673 = 8*q, -2*h = -6*q + 52430. What is the hundreds digit of q?
7
Let r = 359 + 1439. Suppose -6*j + 2*j = -5*z - 3582, -z + r = 2*j. What is the tens digit of j?
9
Let r be 2/(-4 - (-6674)/1668). Let f = r + -688. What is the tens digit of f?
8
Let h = -82 + 91. What is the tens digit of (-6)/h*2259/(-6)?
5
Let a be 6*(-80)/75 + (-4)/(-10). Let p = -4 - a. Suppose 0*w = p*r - 2*w - 228, 324 = 3*r + 3*w. What is the units digit of r?
1
Suppose -5*a = 5*t + 2620, -2*t = a - 2*a - 509. Let b = -203 - a. Let m = b + -219. What is the tens digit of m?
9
Suppose -424900 - 519971 = -139*u - 106979. What is the tens digit of u?
2
Let q = 11 + -11. Suppose -12*c + 8*c + 36 = q. Suppose c - 3 = u. What is the units digit of u?
6
Suppose -5*f = -5*b - 9215, 4*f - b - 2083 = 5280. Suppose 0 = -14*h + 18*h - f. What is the units digit of h?
0
Suppose -3*b - 48 = -4*l + 2*l, 0 = -4*l - 5*b + 96. What is the thousands digit of 27632/l + (-3)/9?
1
Let i be -1 - (2 - (4 + 7)). Suppose -i*d + 6 = -18. Suppose 5*r = 25, -d*r = -2*j - j + 39. What is the units digit of j?
8
Suppose 148262 + 56197 = 19*w. What is the tens digit of w?
6
Let g(q) = -24*q - 41. Let x(j) = -j - 1. Let f(b) = g(b) + 4*x(b). Let d = -36 - -28. What is the tens digit of f(d)?
7
Let h(c) = -c**3 + 12. What is the tens digit of h(-4)?
7
Let q(w) = -63*w**2 - 15*w + 76. Let p(a) = 31*a**2 + 8*a - 37. Let z(i) = 7*p(i) + 3*q(i). What is the hundreds digit of z(3)?
2
Let h be (3 + 0)/(4*(-15)/(-320)). Suppose -626 = -2*w - 4*g, -13*g + h*g + 1296 = 4*w. What is the units digit of w?
1
Let a = -96 + 90. Let u be 8/(-3)*a/4. Suppose 0 = 6*l - l + u*m - 508, 3*m = -l + 95. What is the tens digit of l?
0
Let w = 9411 - -13001. What is the thousands digit of w?
2
Suppose 0 = 6*d + 91 - 5359. Let s = d - 517. What is the units digit of s?
1
Let f be (-3 - -100) + 2/(-2). Suppose -2*l + 122 + f = 0. Suppose 6*s = l + 443. What is the units digit